tor of 98 and h?
49
Let g(y) = 3*y + 98. Let h be g(-35). Let c(k) = k**3 + 11*k**2 + 5*k + 28. Let w be c(h). Calculate the highest common divisor of w and 27.
27
Let u(b) = -6*b**2 - 154*b - 214. Let y be u(-24). What is the highest common divisor of y and 4212?
26
Let s be (-1)/2 + -730*1/4. Let p = 209 + s. Calculate the greatest common divisor of p and 39.
13
Let l(f) = -31*f**3 - 3*f**2 + f + 3. Let g be l(-2). Suppose 0 = s + 2*x - g - 119, 366 = s - 3*x. What is the highest common factor of 40 and s?
40
Let r be 2599/113 + (-1 - 1)/2. Suppose 0 = -5*c + 2*d + 221 - 60, 5*d + 122 = 4*c. What is the highest common divisor of r and c?
11
Let p be 12688/72 + (55/45 - 1)/(-1). Calculate the highest common divisor of p and 1520.
16
Suppose 13*i - 18 = 21*i - 11*i. Calculate the greatest common divisor of 3 and i.
3
Suppose -75906 + 21621 = -11*l. What is the greatest common divisor of l and 15?
15
Suppose 5*s = -2*f - 125, 3*f + 5*s - 4*s = -181. Let h = f - -68. Let v be (0 - 9/3) + 11. Calculate the highest common factor of h and v.
8
Let x be 3/12 - (-31)/4. Let k = -79 - -124. Suppose -k = -z - 5. Calculate the highest common factor of x and z.
8
Suppose 0 = -47*u - 6728 + 116473. Calculate the greatest common divisor of 5 and u.
5
Suppose -5*t + 65 = -3*h - 0*t, 2*h + 5*t = -10. Let m be (-2)/(2/(-2)) + (29 - h). What is the greatest common factor of 115 and m?
23
Suppose -94 + 434 = 10*g. Suppose 0 = g*x - 9501 + 321. Calculate the highest common divisor of 10 and x.
10
Suppose 2*m - 306 = -3*x, 723 = 92*m - 87*m - 3*x. What is the highest common factor of 27 and m?
3
Suppose -112*o + 770 = -77*o. Let k be ((-1)/(-3))/(10/90). Suppose q - 2*t - 189 = -29, -k*q - 5*t = -447. Calculate the highest common divisor of q and o.
22
Suppose 3*i - 2976 = -3*x, -5*x + 4942 = 138*i - 136*i. Calculate the highest common divisor of x and 1682.
58
Let m = 159 + -158. Suppose 90 = 5*l - 4*d, 2*l - d - 35 = m. Calculate the greatest common divisor of l and 153.
9
Suppose 7*c + 4 - 11 = 0. Let h be 1/c*(10 - 1). Calculate the greatest common factor of 72 and h.
9
Suppose 880*u - 320 = 872*u. Calculate the greatest common divisor of u and 1940.
20
Let q = -16165 + 16195. Calculate the highest common divisor of 9015 and q.
15
Suppose -781 = -4*z + k, -2*k + 502 + 92 = 3*z. Let q be 21*(4 - 24/(-18)). Suppose 1878*n = 1882*n - q. Calculate the greatest common factor of z and n.
28
Suppose x = -5, 4*x + 32 - 8 = h. Suppose 381 = 5*y + 81. Let z = -24 + y. Calculate the greatest common factor of h and z.
4
Let p(q) = 11*q + 5*q**2 - 40*q - 72 - 2*q**2 - 3*q**2 - 2*q**2. Let g be p(-11). What is the greatest common factor of g and 45?
5
Suppose -r + 3*d + 16989 = 2*r, -2*r + 5*d + 11323 = 0. What is the greatest common factor of r and 96?
96
Suppose 2*m + 35 - 49 = 0. Suppose 0 = a + w + w - 129, -2*w = 4*a - 486. Calculate the greatest common factor of m and a.
7
Suppose 2*z - z - 80 = -4*g, 5*z + 3*g - 434 = 0. Suppose 12*x + 30 = 85 + 41. Calculate the greatest common divisor of z and x.
8
Suppose 43 = 2*q - 3*u - 118, 4*q = -4*u + 372. Suppose -2*p = -4*t + 13 - 177, -q = -p + 4*t. Calculate the highest common factor of p and 114.
38
Suppose 10*a - 22*a + 720 = 0. What is the greatest common factor of a and 920?
20
Let w(q) = 2*q**2 + q - 4. Let s be w(-5). Suppose 131 - s = 5*b. Let v be ((-276)/(-253))/((-12)/(-396)). Calculate the greatest common divisor of b and v.
18
Let s(g) be the third derivative of g**5/60 - g**4/12 - 59*g**3/6 - 120*g**2 - 1. Let z be s(-7). What is the greatest common factor of 388 and z?
4
Let i(a) = -4*a - 25. Let k be i(8). Let x = k + 79. Suppose -x = -h - h. What is the greatest common divisor of h and 11?
11
Suppose 2*w - 623 = -629. Let k = -3 - -7. Let q be (1281/12 - 2) + w/k. Calculate the highest common divisor of 13 and q.
13
Let v(i) = i**2 - 42*i - 607. Let w be v(-12). Let a(s) = 84*s**2 + 5*s + 2. Let y be a(-2). What is the greatest common factor of w and y?
41
Suppose 334*a = 47527 + 51337. Calculate the greatest common factor of 11026 and a.
74
Suppose -4*a + 34 = -14. Let k(d) = 153 - d**3 - 154 + 2*d**3 - 2*d**3 + 4*d**2. Let q be k(3). What is the highest common divisor of q and a?
4
Let h be (16/(-24))/(1/3) + 39. Suppose -w + h = -47. Calculate the highest common factor of w and 56.
28
Suppose 163*t = 161*t - 4*h + 9716, t + h - 4853 = 0. Calculate the greatest common divisor of 505 and t.
101
Let t = -345 + 320. Let z be (-10)/(-25) + (-290)/t. Let w be -4*(-10 - (2 - 0)). Calculate the greatest common divisor of z and w.
12
Let y(v) = v**3 + 4*v**2 + 7*v + 73. Let a be y(-5). What is the greatest common divisor of 377 and a?
13
Let n = 656 + -649. Suppose n*q + 113 = 4089. Calculate the highest common divisor of 16 and q.
8
Suppose 0 = -d - 2*x + 58, -38*x - 244 = -4*d - 34*x. Calculate the highest common factor of 228 and d.
12
Let d(b) = b**2 + 109*b + 2943. Let s be d(-48). Suppose 3*i = -3*m + 27, -15 + 6 = -3*m + 3*i. What is the highest common factor of s and m?
3
Let q = -10287 + 10308. Let v be (-1 + 275)*1 + -1. Calculate the greatest common factor of v and q.
21
Suppose 88*o + 9696 = 86987 + 118333. Calculate the greatest common divisor of 117 and o.
117
Let l(a) = 3*a**2 - 8*a - 4. Let c be l(5). Let n = c + -37. Let j be 9/n*-22 + 3. Calculate the highest common factor of j and 4.
4
Suppose -4*k - 4*v = -36, 6 + 10 = -k + 4*v. Let q be 0*(1 + -2) - 1. Let n = 5 + q. Calculate the greatest common divisor of k and n.
4
Suppose r + 461*u = 458*u + 426, 5*u = -5*r + 2130. What is the greatest common factor of 48 and r?
6
Suppose -2300 + 188 = -20*j - 4*j. Calculate the highest common factor of 150 and j.
2
Let k(m) = 27*m**2 - 2*m - 12. Let d be k(-3). Suppose -987 = -4*g + d. What is the greatest common divisor of g and 18?
18
Suppose -40*r - 329 + 2849 = 0. Let q(t) = -t**3 + 9*t**2 - 5*t - 3. Let d be 41/5 + 1/(-5). Let b be q(d). What is the highest common factor of b and r?
21
Let w(c) = -2*c**2 - 18*c - 10. Let n be w(-7). Suppose 2*y + 0*y - n = 0. Calculate the greatest common factor of 153 and y.
9
Let b = 307 + -11. Suppose -4*d - 118 = -f, -3*d + 138 + b = 4*f. Calculate the highest common divisor of 55 and f.
55
Let w(q) = 28*q - 1699. Let r be w(61). What is the highest common factor of 57 and r?
3
Suppose -5*k = -2*q + 309, -k - 66 = 4*q - 13. Let o = k - -226. Let z(g) = 2*g**2 + g. Let h be z(-3). What is the highest common divisor of h and o?
15
Let v = -43 - -84. Let u be (((-780)/13)/10)/((-21)/2296). What is the highest common factor of u and v?
41
Suppose 5*a + 3*u - 201 = 0, 67 = 2*a - u - 20. Let p = -31605 - -31962. What is the highest common divisor of p and a?
21
Let r = -514 + 839. Let i = -118 + 143. What is the highest common divisor of r and i?
25
Suppose 28*p = -24*p - 52. Let v be (-191 + p)*-8*7/112. Let f = -2 - -26. What is the greatest common divisor of v and f?
24
Suppose 8*n + 56 = 80. Let q be 28/(680/(-232) + n). Calculate the highest common divisor of q and 14.
14
Let n = 777 + -765. Suppose n*a - 17*a + 20 = 0. Calculate the highest common factor of 9 and a.
1
Let y be (-27)/((-2414)/(-187) - 13). Suppose -2*t + i + 38 = 0, -i + 0 - 2 = 0. Calculate the highest common factor of t and y.
9
Let k(f) = 12*f**2 + 8*f - 13. Let p be k(-6). What is the highest common divisor of p and 28?
7
Let u = -3086 - -3464. What is the highest common divisor of 7 and u?
7
Let m = -3943 - -3961. What is the highest common factor of m and 978?
6
Suppose 308 = -14*g + 593 + 527. Calculate the greatest common factor of 1769 and g.
29
Let g be (-4)/(-6) - 0 - 40/15. Let l be (2/4)/(g/(-864)). Suppose -10*a - l = -11*a. What is the greatest common divisor of 24 and a?
24
Suppose 105*a + 32*a - 258030 = 47*a. What is the highest common divisor of a and 47?
47
Let z be (-1)/(((-51)/(-270))/(-17)). Suppose -z = -u - u + 2*m, 128 = 3*u + 4*m. Calculate the greatest common divisor of 66 and u.
22
Let a be (1 - -1) + (-19 - -177). Suppose 5*u - 140 = -2*i, -4*i + 6*u - 9*u + 308 = 0. Calculate the highest common divisor of a and i.
80
Let h(a) = a**3 - 40*a**2 - 400*a + 32. Let j be h(-8). Calculate the greatest common factor of j and 25.
5
Suppose 3*s - t - t - 287 = 0, 0 = 1